{"id":1758,"date":"2025-10-10T13:12:23","date_gmt":"2025-10-10T16:12:23","guid":{"rendered":"https:\/\/www.laboratoriomega.com.ar\/web\/?page_id=1758"},"modified":"2025-10-22T10:02:32","modified_gmt":"2025-10-22T13:02:32","slug":"trabaja-con-nosotros","status":"publish","type":"page","link":"https:\/\/www.laboratoriomega.com.ar\/web\/trabaja-con-nosotros\/","title":{"rendered":"rrhh"},"content":{"rendered":"\t\t<div data-elementor-type=\"wp-post\" data-elementor-id=\"1758\" class=\"elementor elementor-1758\">\n\t\t\t\t<div class=\"elementor-element elementor-element-69df611 e-con-full e-flex e-con e-parent\" data-id=\"69df611\" data-element_type=\"container\">\n\t\t\t\t<div class=\"elementor-element elementor-element-946edce elementor-widget elementor-widget-shortcode\" data-id=\"946edce\" data-element_type=\"widget\" data-widget_type=\"shortcode.default\">\n\t\t\t\t<div class=\"elementor-widget-container\">\n\t\t\t\t\t\t\t<div class=\"elementor-shortcode\"><\/div>\n\t\t\t\t\t\t<\/div>\n\t\t\t\t<\/div>\n\t\t\t\t<\/div>\n\t\t<div class=\"elementor-element elementor-element-e1b7c3f e-con-full e-flex e-con e-parent\" data-id=\"e1b7c3f\" data-element_type=\"container\" id=\"contacto\" data-settings=\"{&quot;background_background&quot;:&quot;classic&quot;}\">\n\t\t<div class=\"elementor-element elementor-element-3461c7a e-grid e-con-full e-con e-child\" data-id=\"3461c7a\" data-element_type=\"container\">\n\t\t\t\t<div class=\"elementor-element elementor-element-39dff14 elementor-widget elementor-widget-heading\" data-id=\"39dff14\" data-element_type=\"widget\" data-widget_type=\"heading.default\">\n\t\t\t\t<div class=\"elementor-widget-container\">\n\t\t\t\t\t<p class=\"elementor-heading-title elementor-size-default\">Sumate a una red de m\u00e1s de 300 laboratorios que conf\u00edan en nuestro compromiso con la calidad, la precisi\u00f3n y el asesoramiento profesional.<br><br><br>\nTrabajamos bajo normas internacionales de calidad y utilizamos tecnolog\u00eda de \u00faltima generaci\u00f3n para asegurar resultados confiables y de precisi\u00f3n.<br><br><br>\nEstamos listos para acompa\u00f1arte con una atenci\u00f3n cercana, \u00e1gil y personalizada acorde a las necesidades de tu laboratorio. <\/p>\t\t\t\t<\/div>\n\t\t\t\t<\/div>\n\t\t\t\t<div class=\"elementor-element elementor-element-f02d248 elementor-button-info elementor-align-center elementor-mobile-align-center elementor-widget elementor-widget-button\" data-id=\"f02d248\" data-element_type=\"widget\" data-widget_type=\"button.default\">\n\t\t\t\t<div class=\"elementor-widget-container\">\n\t\t\t\t\t\t\t\t\t<div class=\"elementor-button-wrapper\">\n\t\t\t\t\t<a class=\"elementor-button elementor-button-link elementor-size-sm\" href=\"https:\/\/api.whatsapp.com\/send\/?phone=5493492308291&#038;text=%C2%A1Hola%21+Quiero+hacer+una+consulta&#038;type=phone_number&#038;app_absent=0\">\n\t\t\t\t\t\t<span class=\"elementor-button-content-wrapper\">\n\t\t\t\t\t\t\t\t\t<span class=\"elementor-button-text\">ESCRIBINOS<\/span>\n\t\t\t\t\t<\/span>\n\t\t\t\t\t<\/a>\n\t\t\t\t<\/div>\n\t\t\t\t\t\t\t\t<\/div>\n\t\t\t\t<\/div>\n\t\t\t\t<\/div>\n\t\t\t\t<\/div>\n\t\t<div class=\"elementor-element elementor-element-c268aca e-flex e-con-boxed e-con e-parent\" data-id=\"c268aca\" data-element_type=\"container\">\n\t\t\t\t\t<div class=\"e-con-inner\">\n\t\t\t\t<div class=\"elementor-element elementor-element-d2199a0 elementor-widget elementor-widget-heading\" data-id=\"d2199a0\" data-element_type=\"widget\" data-widget_type=\"heading.default\">\n\t\t\t\t<div class=\"elementor-widget-container\">\n\t\t\t\t\t<h2 class=\"elementor-heading-title elementor-size-default\"><b>CONTACTO<\/b><\/h2>\t\t\t\t<\/div>\n\t\t\t\t<\/div>\n\t\t\t\t<div class=\"elementor-element elementor-element-317e464 elementor-widget elementor-widget-heading\" data-id=\"317e464\" data-element_type=\"widget\" data-widget_type=\"heading.default\">\n\t\t\t\t<div class=\"elementor-widget-container\">\n\t\t\t\t\t<h2 class=\"elementor-heading-title elementor-size-default\">Contactate con nuestro laboratorio para recibir atenci\u00f3n profesional y confiable<\/h2>\t\t\t\t<\/div>\n\t\t\t\t<\/div>\n\t\t\t\t\t<\/div>\n\t\t\t\t<\/div>\n\t\t<div class=\"elementor-element elementor-element-214ea7f e-con-full e-flex e-con e-parent\" data-id=\"214ea7f\" data-element_type=\"container\">\n\t\t\t\t<div class=\"elementor-element elementor-element-c29edce elementor-widget elementor-widget-html\" data-id=\"c29edce\" data-element_type=\"widget\" data-widget_type=\"html.default\">\n\t\t\t\t<div class=\"elementor-widget-container\">\n\t\t\t\t\t<!-- Cuadro flotante sobre mapa con redes -->\r\n<div style=\"position: relative; width: 100%; height: 450px; overflow: hidden;\">\r\n\r\n  <!-- Mapa de Google -->\r\n  <iframe\r\n    src=\"https:\/\/www.google.com\/maps\/embed?pb=!1m18!1m12!1m3!1d3410.9440409398485!2d-61.4972522!3d-31.249972399999997!2m3!1f0!2f0!3f0!3m2!1i1024!2i768!4f13.1!3m3!1m2!1s0x95caa5687819fb75%3A0x1dbffe74ec4ccb15!2sLaboratorio%20Mega%20S.A.!5e0!3m2!1ses-419!2sar!4v1747829357843!5m2!1ses-419!2sar\"\r\n    width=\"100%\"\r\n    height=\"100%\"\r\n    style=\"border:0;\"\r\n    allowfullscreen=\"\"\r\n    loading=\"lazy\"\r\n    referrerpolicy=\"no-referrer-when-downgrade\">\r\n  <\/iframe>\r\n\r\n  <!-- Cuadro azul transparente M\u00c1S ANCHO -->\r\n  <div style=\"\r\n    position: absolute;\r\n    top: 50%;\r\n    right: 30px;\r\n    transform: translateY(-50%);\r\n    background: rgba(28, 34, 127, 0.85);\r\n    color: white;\r\n    padding: 50px 60px;\r\n    border-radius: 20px;\r\n    width: 100%;\r\n    max-width: 500px;\r\n    font-family: sans-serif;\r\n    box-shadow: 0 4px 12px rgba(0,0,0,0.3);\r\n    font-size: 16px;\r\n    line-height: 1.6;\r\n  \">\r\n    <p style=\"margin: 0;\">Maip\u00fa 535 - Rafaela, Santa Fe - ARG<\/p>\r\n    <p style=\"margin: 0;\">+54 3492 308291 | 03492-505011<\/p>\r\n    <p style=\"margin: 0;\">\r\n  <a href=\"mailto:consultas@laboratoriomega.com.ar\" style=\"color: inherit; text-decoration: none;\">\r\n    consultas@laboratoriomega.com.ar\r\n  <\/a>\r\n<\/p>\r\n\r\n    <p style=\"margin: 20px 0 5px; font-weight: bold;\">Horarios de Atenci\u00f3n:<\/p>\r\n    <p style=\"margin: 0;\">Lunes a Viernes 7:30 hs. a 20 hs.<\/p>\r\n    <p style=\"margin: 0;\">S\u00e1bados 7:30 hs. a 12:30 hs.<\/p>\r\n\r\n    <!-- Redes sociales -->\r\n    <div style=\"margin-top: 20px; display: flex; gap: 15px;\">\r\n      <a href=\"https:\/\/www.facebook.com\/megalaboratorio.ar\" target=\"_blank\" style=\"\r\n        background: white;\r\n        color: #1C227F;\r\n        border-radius: 50%;\r\n        padding: 10px;\r\n        display: inline-flex;\r\n        justify-content: center;\r\n        align-items: center;\r\n        width: 40px;\r\n        height: 40px;\r\n        text-decoration: none;\r\n      \" title=\"Facebook\"><i class=\"fab fa-facebook-f\"><\/i><\/a>\r\n\r\n      <a href=\"https:\/\/www.linkedin.com\/company\/laboratorio-mega\" target=\"_blank\" style=\"\r\n        background: white;\r\n        color: #1C227F;\r\n        border-radius: 50%;\r\n        padding: 10px;\r\n        display: inline-flex;\r\n        justify-content: center;\r\n        align-items: center;\r\n        width: 40px;\r\n        height: 40px;\r\n        text-decoration: none;\r\n      \" title=\"LinkedIn\"><i class=\"fab fa-linkedin-in\"><\/i><\/a>\r\n\r\n      <a href=\"https:\/\/www.instagram.com\/mega.laboratorio\/\" target=\"_blank\" style=\"\r\n        background: white;\r\n        color: #1C227F;\r\n        border-radius: 50%;\r\n        padding: 10px;\r\n        display: inline-flex;\r\n        justify-content: center;\r\n        align-items: center;\r\n        width: 40px;\r\n        height: 40px;\r\n        text-decoration: none;\r\n      \" title=\"Instagram\"><i class=\"fab fa-instagram\"><\/i><\/a>\r\n\r\n      <a href=\"https:\/\/wa.me\/5493492308291\" target=\"_blank\" style=\"\r\n        background: white;\r\n        color: #1C227F;\r\n        border-radius: 50%;\r\n        padding: 10px;\r\n        display: inline-flex;\r\n        justify-content: center;\r\n        align-items: center;\r\n        width: 40px;\r\n        height: 40px;\r\n        text-decoration: none;\r\n      \" title=\"WhatsApp\"><i class=\"fab fa-whatsapp\"><\/i><\/a>\r\n    <\/div>\r\n  <\/div>\r\n<\/div>\r\n\t\t\t\t<\/div>\n\t\t\t\t<\/div>\n\t\t\t\t<\/div>\n\t\t<div class=\"elementor-element elementor-element-2d6c03a e-grid e-con-boxed e-con e-parent\" data-id=\"2d6c03a\" data-element_type=\"container\">\n\t\t\t\t\t<div class=\"e-con-inner\">\n\t\t\t\t<div class=\"elementor-element elementor-element-b0b1e41 elementor-widget elementor-widget-image\" data-id=\"b0b1e41\" data-element_type=\"widget\" data-widget_type=\"image.default\">\n\t\t\t\t<div class=\"elementor-widget-container\">\n\t\t\t\t\t\t\t\t\t\t\t\t\t\t\t<img decoding=\"async\" src=\"https:\/\/www.laboratoriomega.com.ar\/web\/wp-content\/uploads\/elementor\/thumbs\/Recurso-3-rd01rqimvnry9q9lpertxy5qzsn2l4du4q2l5csphc.png\" title=\"Recurso 3\" alt=\"Recurso 3\" loading=\"lazy\" \/>\t\t\t\t\t\t\t\t\t\t\t\t\t\t\t<\/div>\n\t\t\t\t<\/div>\n\t\t\t\t<div class=\"elementor-element elementor-element-70d93a1 elementor-widget elementor-widget-image\" data-id=\"70d93a1\" data-element_type=\"widget\" data-widget_type=\"image.default\">\n\t\t\t\t<div class=\"elementor-widget-container\">\n\t\t\t\t\t\t\t\t\t\t\t\t\t\t\t<img decoding=\"async\" src=\"https:\/\/www.laboratoriomega.com.ar\/web\/wp-content\/uploads\/elementor\/thumbs\/extracted_image-rdkzjck03cdtes9xsfepdvdonmnuk1vt9j8mvcjz0g.png\" title=\"extracted_image\" alt=\"extracted_image\" loading=\"lazy\" \/>\t\t\t\t\t\t\t\t\t\t\t\t\t\t\t<\/div>\n\t\t\t\t<\/div>\n\t\t\t\t<div class=\"elementor-element elementor-element-e22f06e elementor-widget elementor-widget-image\" data-id=\"e22f06e\" data-element_type=\"widget\" data-widget_type=\"image.default\">\n\t\t\t\t<div class=\"elementor-widget-container\">\n\t\t\t\t\t\t\t\t\t\t\t\t\t\t\t<img decoding=\"async\" src=\"https:\/\/www.laboratoriomega.com.ar\/web\/wp-content\/uploads\/elementor\/thumbs\/iqnet_image-rdkzjefpxmzffp6jkuuetmimmlbhuhkpvrges17ws0.png\" title=\"iqnet_image\" alt=\"iqnet_image\" loading=\"lazy\" \/>\t\t\t\t\t\t\t\t\t\t\t\t\t\t\t<\/div>\n\t\t\t\t<\/div>\n\t\t\t\t<div class=\"elementor-element elementor-element-9a2ce56 elementor-widget elementor-widget-image\" data-id=\"9a2ce56\" data-element_type=\"widget\" data-widget_type=\"image.default\">\n\t\t\t\t<div class=\"elementor-widget-container\">\n\t\t\t\t\t\t\t\t\t\t\t\t\t\t\t<img decoding=\"async\" width=\"333\" height=\"131\" src=\"https:\/\/www.laboratoriomega.com.ar\/web\/wp-content\/uploads\/2025\/10\/Recurso-6.png\" class=\"attachment-large size-large wp-image-1741\" alt=\"\" srcset=\"https:\/\/www.laboratoriomega.com.ar\/web\/wp-content\/uploads\/2025\/10\/Recurso-6.png 333w, https:\/\/www.laboratoriomega.com.ar\/web\/wp-content\/uploads\/2025\/10\/Recurso-6-300x118.png 300w\" sizes=\"(max-width: 333px) 100vw, 333px\" \/>\t\t\t\t\t\t\t\t\t\t\t\t\t\t\t<\/div>\n\t\t\t\t<\/div>\n\t\t\t\t<div class=\"elementor-element elementor-element-9d1fc3c elementor-widget elementor-widget-image\" data-id=\"9d1fc3c\" data-element_type=\"widget\" data-widget_type=\"image.default\">\n\t\t\t\t<div class=\"elementor-widget-container\">\n\t\t\t\t\t\t\t\t\t\t\t\t\t\t\t<img fetchpriority=\"high\" decoding=\"async\" width=\"378\" height=\"133\" src=\"https:\/\/www.laboratoriomega.com.ar\/web\/wp-content\/uploads\/2025\/10\/Recurso-7.png\" class=\"attachment-large size-large wp-image-1742\" alt=\"\" srcset=\"https:\/\/www.laboratoriomega.com.ar\/web\/wp-content\/uploads\/2025\/10\/Recurso-7.png 378w, https:\/\/www.laboratoriomega.com.ar\/web\/wp-content\/uploads\/2025\/10\/Recurso-7-300x106.png 300w\" sizes=\"(max-width: 378px) 100vw, 378px\" \/>\t\t\t\t\t\t\t\t\t\t\t\t\t\t\t<\/div>\n\t\t\t\t<\/div>\n\t\t\t\t\t<\/div>\n\t\t\t\t<\/div>\n\t\t\t\t<\/div>\n\t\t","protected":false},"excerpt":{"rendered":"<p>Sumate a una red de m\u00e1s de 300 laboratorios que conf\u00edan en nuestro compromiso con la calidad, la precisi\u00f3n y el asesoramiento profesional. Trabajamos bajo normas internacionales de calidad y utilizamos tecnolog\u00eda de \u00faltima generaci\u00f3n para asegurar resultados confiables y de precisi\u00f3n. Estamos listos para acompa\u00f1arte con una atenci\u00f3n cercana, \u00e1gil y personalizada acorde a [&hellip;]<\/p>\n","protected":false},"author":1,"featured_media":0,"parent":0,"menu_order":0,"comment_status":"closed","ping_status":"closed","template":"","meta":{"ocean_post_layout":"full-screen","ocean_both_sidebars_style":"","ocean_both_sidebars_content_width":0,"ocean_both_sidebars_sidebars_width":0,"ocean_sidebar":"","ocean_second_sidebar":"","ocean_disable_margins":"on","ocean_add_body_class":"","ocean_shortcode_before_top_bar":"","ocean_shortcode_after_top_bar":"","ocean_shortcode_before_header":"","ocean_shortcode_after_header":"","ocean_has_shortcode":"","ocean_shortcode_after_title":"","ocean_shortcode_before_footer_widgets":"","ocean_shortcode_after_footer_widgets":"","ocean_shortcode_before_footer_bottom":"","ocean_shortcode_after_footer_bottom":"","ocean_display_top_bar":"default","ocean_display_header":"default","ocean_header_style":"","ocean_center_header_left_menu":"","ocean_custom_header_template":"","ocean_custom_logo":0,"ocean_custom_retina_logo":0,"ocean_custom_logo_max_width":0,"ocean_custom_logo_tablet_max_width":0,"ocean_custom_logo_mobile_max_width":0,"ocean_custom_logo_max_height":0,"ocean_custom_logo_tablet_max_height":0,"ocean_custom_logo_mobile_max_height":0,"ocean_header_custom_menu":"","ocean_menu_typo_font_family":"","ocean_menu_typo_font_subset":"","ocean_menu_typo_font_size":0,"ocean_menu_typo_font_size_tablet":0,"ocean_menu_typo_font_size_mobile":0,"ocean_menu_typo_font_size_unit":"px","ocean_menu_typo_font_weight":"","ocean_menu_typo_font_weight_tablet":"","ocean_menu_typo_font_weight_mobile":"","ocean_menu_typo_transform":"","ocean_menu_typo_transform_tablet":"","ocean_menu_typo_transform_mobile":"","ocean_menu_typo_line_height":0,"ocean_menu_typo_line_height_tablet":0,"ocean_menu_typo_line_height_mobile":0,"ocean_menu_typo_line_height_unit":"","ocean_menu_typo_spacing":0,"ocean_menu_typo_spacing_tablet":0,"ocean_menu_typo_spacing_mobile":0,"ocean_menu_typo_spacing_unit":"","ocean_menu_link_color":"","ocean_menu_link_color_hover":"","ocean_menu_link_color_active":"","ocean_menu_link_background":"","ocean_menu_link_hover_background":"","ocean_menu_link_active_background":"","ocean_menu_social_links_bg":"","ocean_menu_social_hover_links_bg":"","ocean_menu_social_links_color":"","ocean_menu_social_hover_links_color":"","ocean_disable_title":"on","ocean_disable_heading":"default","ocean_post_title":"","ocean_post_subheading":"","ocean_post_title_style":"","ocean_post_title_background_color":"","ocean_post_title_background":0,"ocean_post_title_bg_image_position":"","ocean_post_title_bg_image_attachment":"","ocean_post_title_bg_image_repeat":"","ocean_post_title_bg_image_size":"","ocean_post_title_height":0,"ocean_post_title_bg_overlay":0.5,"ocean_post_title_bg_overlay_color":"","ocean_disable_breadcrumbs":"default","ocean_breadcrumbs_color":"","ocean_breadcrumbs_separator_color":"","ocean_breadcrumbs_links_color":"","ocean_breadcrumbs_links_hover_color":"","ocean_display_footer_widgets":"default","ocean_display_footer_bottom":"default","ocean_custom_footer_template":"","omw_enable_modal_window":"enable","footnotes":""},"class_list":["post-1758","page","type-page","status-publish","hentry","entry"],"_links":{"self":[{"href":"https:\/\/www.laboratoriomega.com.ar\/web\/wp-json\/wp\/v2\/pages\/1758","targetHints":{"allow":["GET"]}}],"collection":[{"href":"https:\/\/www.laboratoriomega.com.ar\/web\/wp-json\/wp\/v2\/pages"}],"about":[{"href":"https:\/\/www.laboratoriomega.com.ar\/web\/wp-json\/wp\/v2\/types\/page"}],"author":[{"embeddable":true,"href":"https:\/\/www.laboratoriomega.com.ar\/web\/wp-json\/wp\/v2\/users\/1"}],"replies":[{"embeddable":true,"href":"https:\/\/www.laboratoriomega.com.ar\/web\/wp-json\/wp\/v2\/comments?post=1758"}],"version-history":[{"count":30,"href":"https:\/\/www.laboratoriomega.com.ar\/web\/wp-json\/wp\/v2\/pages\/1758\/revisions"}],"predecessor-version":[{"id":1911,"href":"https:\/\/www.laboratoriomega.com.ar\/web\/wp-json\/wp\/v2\/pages\/1758\/revisions\/1911"}],"wp:attachment":[{"href":"https:\/\/www.laboratoriomega.com.ar\/web\/wp-json\/wp\/v2\/media?parent=1758"}],"curies":[{"name":"wp","href":"https:\/\/api.w.org\/{rel}","templated":true}]}}